{"id":50,"date":"2025-01-24T14:17:14","date_gmt":"2025-01-24T14:17:14","guid":{"rendered":"https:\/\/adilsondocavacoaulas.com.br\/2025\/?page_id=50"},"modified":"2025-01-24T14:17:14","modified_gmt":"2025-01-24T14:17:14","slug":"conheca-minha-historia","status":"publish","type":"page","link":"https:\/\/adilsondocavacoaulas.com.br\/2025\/conheca-minha-historia\/","title":{"rendered":"Conhe\u00e7a Minha Hist\u00f3ria"},"content":{"rendered":"\n<div class=\"wp-block-media-text is-stacked-on-mobile\"><figure class=\"wp-block-media-text__media\"><img loading=\"lazy\" decoding=\"async\" width=\"524\" height=\"720\" src=\"https:\/\/adilsondocavacoaulas.com.br\/2025\/wp-content\/uploads\/2025\/01\/adilson-do-cavaco-historia.jpeg\" alt=\"\" class=\"wp-image-51 size-full\" srcset=\"https:\/\/adilsondocavacoaulas.com.br\/2025\/wp-content\/uploads\/2025\/01\/adilson-do-cavaco-historia.jpeg 524w, https:\/\/adilsondocavacoaulas.com.br\/2025\/wp-content\/uploads\/2025\/01\/adilson-do-cavaco-historia-218x300.jpeg 218w\" sizes=\"auto, (max-width: 524px) 100vw, 524px\" \/><\/figure><div class=\"wp-block-media-text__content\">\n<p>Ritimista,Compositor, instrumentista e Professor representa arte popular que transita entre tradi\u00e7\u00e3o e contemporaneidade.<\/p>\n\n\n\n<p>Ao longo de sua carrreira atuou em programas de r\u00e1dio, televis\u00e3o, teatros,grava\u00e7\u00f5es,shows,festivais tocando com grandes artistas brasileiros.<\/p>\n\n\n\n<p>Nascido no interior do Estado, Dois C\u00f3rregos, mudando-se para S\u00e3o Paulo , no Ja\u00e7an\u00e3, aos dois anos de idade, onde permaneceu at\u00e9 os trinta e dois anos,vindo para Americana em 1988 onde estabeleceu raiz.<\/p>\n\n\n\n<p>Aos 9 anos de idade iniciou seus primeiros acordes na Sanfona que ganhou de seu pai tomando ent\u00e3o gosto pela m\u00fasica que passou a desenvolver. Aos 11 anos ganhou seu primeiro viol\u00e3o e com o m\u00e9todo Tabajara aprendeu seus primeiros acordes. Tornou-se<\/p>\n\n\n\n<p>ritimista aos 7 anos acompanhado pelo pai que era seu \u00eddolo e maior incentivador. Aos 16 anos Comprou seu primeiro Cavaquinho onde desenvolveu metodologia pr\u00f3pria. Foi Professor da Escola de m\u00fasica Carlos Simalha de S\u00e3o Paulo.<\/p>\n<\/div><\/div>\n\n\n<h3 class=\"wp-block-heading\" id=\"experiencia-profissional\">Experi&ecirc;ncia Profissional<\/h3>\n\n\n\n<p>Professor de Cavaquinho e Viol\u00e3o \u00e0 mais de 30 anos, Mant\u00e9m uma escola que dirige com uma metodologia pr\u00f3pria \u00e1udio visual<\/p>\n\n\n\n<p>Trabalha individualmente e em grupos \u00e0 mais de 30 anos realizando shows de MPB, Samba antol\u00f3gico,Pagode,Chorinho, etc<\/p>\n\n\n<h3 class=\"wp-block-heading\" id=\"referencia-profissional\">Refer&ecirc;ncia Profissional<\/h3>\n\n\n\n<p>Trabalhou com grande nomes da m\u00fasica brasileira como seu padrinho Nelson Cavaquinho , Eliana de Lima, Osvaldinho da Cu\u00edca, Aldo Bueno, Clementina de Jesus, Djalma Pires,Geraldo Filme, Den\u00edlson vocalista do grupo Cantores de \u00e9bano,Trio Virgulino etc&#8230;<\/p>\n\n\n\n<p>Fez parte da Ala de Compositores das Escola de Samba Acad\u00eamicos de Tucuruvi e Vai-Vai nos anos 80<\/p>\n\n\n\n<p>Foi Professor da Escola de m\u00fasica Vado Negri<\/p>\n\n\n\n<p>Apresentou trabalhos nas Escola de Samba de S\u00e3o Paulo: Mocidade Alegre, Camisa Verde e Branco,Nen\u00ea da Vila Matilde, Barroca Zona Sul, Passos de Ouro ,Leandro de Itaquera, Musical \u00d3pera do Malandro em Americana, Receita de Samba da Saudosa (Silvia Negrona) Imperatriz Americanense etc&#8230;<\/p>\n\n\n<h3 class=\"wp-block-heading\" id=\"composicoes-de-sua-autoria\">Composi&ccedil;&otilde;es de sua autoria<\/h3>\n\n\n\n<p>Mosquito de Boi (gavado por Maurinho da Mazzei),Tributo a Ja\u00e7an\u00e3, Jeito de Ser ( onde recebeu pr\u00eamio pelo Feca)<\/p>\n\n\n<h3 class=\"wp-block-heading\" id=\"participacoes-em-grupos\">Participa&ccedil;&otilde;es em Grupos<\/h3>\n\n\n\n<p>Family Sound, Nossa Gente de S.P. ,Grupo Tenta\u00e7\u00e3o, Nossa Gente de Americana,Sorriso Negro,Cart\u00e3o de Visita,Tra\u00e7os da Cor, Alto Astral etc..<\/p>\n\n\n\n<p>Em Americana participou de trabalhos ao lado dos m\u00fasicos:<\/p>\n\n\n\n<p>Iris , Jesualdo, Hulkinho, Reinaldo, Os\u00e9ias, En\u00e9ias, Cafuringa, Gabriel seu filho, Mara, Leila, Marli, Virg\u00ednia, Ci\u00e7a, Cido Moreno , Dalila, Any, Edinho, Carmem, Carioca, H\u00e9rcules, Cris, Alexandre, Z\u00f3io, Marquinho , Samba e MPB com Jurema (Juma) e atualmente desenvolve um trabalho de samba de raiz c\/ a cantora Rafeeli no Projeto \u00a8\u00a8Clube do Samba de Americana\u201d\u201d<\/p>\n\n\n\n<p><\/p>\n","protected":false},"excerpt":{"rendered":"<p>Ritimista,Compositor, instrumentista e Professor representa arte popular que transita entre tradi\u00e7\u00e3o e contemporaneidade. Ao longo de sua carrreira atuou em programas de r\u00e1dio, televis\u00e3o, teatros,grava\u00e7\u00f5es,shows,festivais tocando com grandes artistas brasileiros. Nascido no interior do Estado, Dois C\u00f3rregos, mudando-se para S\u00e3o Paulo , no Ja\u00e7an\u00e3, aos dois anos de idade, onde permaneceu at\u00e9 os trinta e [&hellip;]<\/p>\n","protected":false},"author":1,"featured_media":0,"parent":0,"menu_order":0,"comment_status":"closed","ping_status":"closed","template":"","meta":{"footnotes":""},"class_list":["post-50","page","type-page","status-publish","hentry"],"_links":{"self":[{"href":"https:\/\/adilsondocavacoaulas.com.br\/2025\/wp-json\/wp\/v2\/pages\/50","targetHints":{"allow":["GET"]}}],"collection":[{"href":"https:\/\/adilsondocavacoaulas.com.br\/2025\/wp-json\/wp\/v2\/pages"}],"about":[{"href":"https:\/\/adilsondocavacoaulas.com.br\/2025\/wp-json\/wp\/v2\/types\/page"}],"author":[{"embeddable":true,"href":"https:\/\/adilsondocavacoaulas.com.br\/2025\/wp-json\/wp\/v2\/users\/1"}],"replies":[{"embeddable":true,"href":"https:\/\/adilsondocavacoaulas.com.br\/2025\/wp-json\/wp\/v2\/comments?post=50"}],"version-history":[{"count":1,"href":"https:\/\/adilsondocavacoaulas.com.br\/2025\/wp-json\/wp\/v2\/pages\/50\/revisions"}],"predecessor-version":[{"id":52,"href":"https:\/\/adilsondocavacoaulas.com.br\/2025\/wp-json\/wp\/v2\/pages\/50\/revisions\/52"}],"wp:attachment":[{"href":"https:\/\/adilsondocavacoaulas.com.br\/2025\/wp-json\/wp\/v2\/media?parent=50"}],"curies":[{"name":"wp","href":"https:\/\/api.w.org\/{rel}","templated":true}]}}