{"id":59,"date":"2025-01-28T18:07:25","date_gmt":"2025-01-28T18:07:25","guid":{"rendered":"https:\/\/adilsondocavacoaulas.com.br\/2025\/?page_id=59"},"modified":"2025-01-28T18:07:25","modified_gmt":"2025-01-28T18:07:25","slug":"videos-exclusivos","status":"publish","type":"page","link":"https:\/\/adilsondocavacoaulas.com.br\/2025\/videos-exclusivos\/","title":{"rendered":"V\u00eddeos Exclusivos"},"content":{"rendered":"\n<p>Descubra na pr\u00e1tica como o aprendizado musical pode ser simples e prazeroso! Nesta p\u00e1gina, voc\u00ea ter\u00e1 acesso a v\u00eddeos exclusivos de Ad\u00edlson do Cavaco, onde ele compartilha t\u00e9cnicas, dicas e performances de <strong>viol\u00e3o<\/strong>, <strong>cavaco <\/strong>e <strong>ukulele<\/strong>.<\/p>\n\n\n\n<hr class=\"wp-block-separator has-alpha-channel-opacity\"\/>\n\n\n\n<p>\ud83c\udfb6 <strong>Assista, pratique e deixe a m\u00fasica fazer parte do seu dia a dia com Ad\u00edlson do Cavaco!<\/strong><\/p>\n\n\n\n<p><em>Acompanhe os v\u00eddeos abaixo e comece j\u00e1 a sua jornada musical!<\/em><\/p>\n\n\n\n<figure class=\"wp-block-video\"><video height=\"332\" style=\"aspect-ratio: 482 \/ 332;\" width=\"482\" controls src=\"https:\/\/adilsondocavacoaulas.com.br\/2025\/wp-content\/uploads\/2025\/01\/WhatsApp-Video-2025-01-08-at-11.09.19-1.mp4\"><\/video><\/figure>\n\n\n\n<figure class=\"wp-block-video\"><video height=\"426\" style=\"aspect-ratio: 426 \/ 426;\" width=\"426\" controls src=\"https:\/\/adilsondocavacoaulas.com.br\/2025\/wp-content\/uploads\/2025\/01\/WhatsApp-Video-2025-01-08-at-17.56.14-1.mp4\"><\/video><\/figure>\n\n\n\n<figure class=\"wp-block-video\"><\/figure>\n","protected":false},"excerpt":{"rendered":"<p>Descubra na pr\u00e1tica como o aprendizado musical pode ser simples e prazeroso! Nesta p\u00e1gina, voc\u00ea ter\u00e1 acesso a v\u00eddeos exclusivos de Ad\u00edlson do Cavaco, onde ele compartilha t\u00e9cnicas, dicas e performances de viol\u00e3o, cavaco e ukulele. \ud83c\udfb6 Assista, pratique e deixe a m\u00fasica fazer parte do seu dia a dia com Ad\u00edlson do Cavaco! Acompanhe [&hellip;]<\/p>\n","protected":false},"author":1,"featured_media":0,"parent":0,"menu_order":0,"comment_status":"closed","ping_status":"closed","template":"","meta":{"footnotes":""},"class_list":["post-59","page","type-page","status-publish","hentry"],"_links":{"self":[{"href":"https:\/\/adilsondocavacoaulas.com.br\/2025\/wp-json\/wp\/v2\/pages\/59","targetHints":{"allow":["GET"]}}],"collection":[{"href":"https:\/\/adilsondocavacoaulas.com.br\/2025\/wp-json\/wp\/v2\/pages"}],"about":[{"href":"https:\/\/adilsondocavacoaulas.com.br\/2025\/wp-json\/wp\/v2\/types\/page"}],"author":[{"embeddable":true,"href":"https:\/\/adilsondocavacoaulas.com.br\/2025\/wp-json\/wp\/v2\/users\/1"}],"replies":[{"embeddable":true,"href":"https:\/\/adilsondocavacoaulas.com.br\/2025\/wp-json\/wp\/v2\/comments?post=59"}],"version-history":[{"count":1,"href":"https:\/\/adilsondocavacoaulas.com.br\/2025\/wp-json\/wp\/v2\/pages\/59\/revisions"}],"predecessor-version":[{"id":62,"href":"https:\/\/adilsondocavacoaulas.com.br\/2025\/wp-json\/wp\/v2\/pages\/59\/revisions\/62"}],"wp:attachment":[{"href":"https:\/\/adilsondocavacoaulas.com.br\/2025\/wp-json\/wp\/v2\/media?parent=59"}],"curies":[{"name":"wp","href":"https:\/\/api.w.org\/{rel}","templated":true}]}}